{"id":1909,"date":"2025-01-20T10:50:57","date_gmt":"2025-01-20T14:50:57","guid":{"rendered":"http:\/\/52.197.181.88:8081\/transparencia\/?page_id=1909"},"modified":"2025-09-10T11:14:21","modified_gmt":"2025-09-10T15:14:21","slug":"libre-acceso-oai","status":"publish","type":"page","link":"http:\/\/transp.eted.gov.do\/transparencia\/libre-acceso-oai\/","title":{"rendered":"Oficina de Libre Acceso a la Informaci\u00f3n"},"content":{"rendered":"\t\t<div data-elementor-type=\"wp-page\" data-elementor-id=\"1909\" class=\"elementor elementor-1909\" data-elementor-post-type=\"page\">\n\t\t\t\t<div data-particle_enable=\"false\" data-particle-mobile-disabled=\"false\" class=\"elementor-element elementor-element-02f956a e-con-full e-flex e-con e-parent\" data-id=\"02f956a\" data-element_type=\"container\">\n\t\t\t\t<div class=\"elementor-element elementor-element-e126115 elementor-widget elementor-widget-image\" data-id=\"e126115\" data-element_type=\"widget\" data-widget_type=\"image.default\">\n\t\t\t\t<div class=\"elementor-widget-container\">\n\t\t\t\t\t\t\t\t\t\t\t\t\t\t\t<img fetchpriority=\"high\" decoding=\"async\" width=\"880\" height=\"530\" src=\"http:\/\/transp.eted.gov.do\/transparencia\/wp-content\/uploads\/2025\/09\/oai.jpeg\" class=\"attachment-full size-full wp-image-11547\" alt=\"\" srcset=\"http:\/\/transp.eted.gov.do\/transparencia\/wp-content\/uploads\/2025\/09\/oai.jpeg 880w, http:\/\/transp.eted.gov.do\/transparencia\/wp-content\/uploads\/2025\/09\/oai-300x181.jpeg 300w, http:\/\/transp.eted.gov.do\/transparencia\/wp-content\/uploads\/2025\/09\/oai-768x463.jpeg 768w\" sizes=\"(max-width: 880px) 100vw, 880px\" \/>\t\t\t\t\t\t\t\t\t\t\t\t\t\t\t<\/div>\n\t\t\t\t<\/div>\n\t\t\t\t<\/div>\n\t\t<div data-particle_enable=\"false\" data-particle-mobile-disabled=\"false\" class=\"elementor-element elementor-element-33b15eb e-flex e-con-boxed e-con e-parent\" data-id=\"33b15eb\" data-element_type=\"container\">\n\t\t\t\t\t<div class=\"e-con-inner\">\n\t\t<div data-particle_enable=\"false\" data-particle-mobile-disabled=\"false\" class=\"elementor-element elementor-element-2c055d0 e-con-full e-flex e-con e-child\" data-id=\"2c055d0\" data-element_type=\"container\" data-settings=\"{&quot;background_background&quot;:&quot;classic&quot;}\">\n\t\t\t\t<div class=\"elementor-element elementor-element-17741ed elementor-widget elementor-widget-text-editor\" data-id=\"17741ed\" data-element_type=\"widget\" data-widget_type=\"text-editor.default\">\n\t\t\t\t<div class=\"elementor-widget-container\">\n\t\t\t\t\t\t\t\t\t<p><strong>Misi\u00f3n:<\/strong><\/p><p>Impulsar la rendici\u00f3n de cuentas y transparencia en la gesti\u00f3n de la ETED a trav\u00e9z de un servicio de Libre Acceso a la Informaci\u00f3n P\u00fablica, de forma \u00e1gil, oportuna y veraz, con la utilizaci\u00f3n de tecnolog\u00edas de informaci\u00f3n.<\/p>\t\t\t\t\t\t\t\t<\/div>\n\t\t\t\t<\/div>\n\t\t\t\t<div class=\"elementor-element elementor-element-fd8fe96 elementor-widget elementor-widget-text-editor\" data-id=\"fd8fe96\" data-element_type=\"widget\" data-widget_type=\"text-editor.default\">\n\t\t\t\t<div class=\"elementor-widget-container\">\n\t\t\t\t\t\t\t\t\t<p><strong>Visi\u00f3n:\u00a0<\/strong>\u00a0\u00a0<\/p><p>Mantener a dispoci\u00f3n de los ciudadanos todas las informaciones que son requeridas en virtud de la Ley 200-04, a los fines de contribuir con el fortalecimiento de la transparencia en la administraci\u00f3n p\u00fablica para beneficio de la sociedad en general\u00a0<\/p>\t\t\t\t\t\t\t\t<\/div>\n\t\t\t\t<\/div>\n\t\t\t\t<\/div>\n\t\t<div data-particle_enable=\"false\" data-particle-mobile-disabled=\"false\" class=\"elementor-element elementor-element-11788e9 e-con-full e-flex e-con e-child\" data-id=\"11788e9\" data-element_type=\"container\">\n\t\t\t\t<div class=\"elementor-element elementor-element-d53f9ce elementor-widget elementor-widget-image\" data-id=\"d53f9ce\" data-element_type=\"widget\" data-widget_type=\"image.default\">\n\t\t\t\t<div class=\"elementor-widget-container\">\n\t\t\t\t\t\t\t\t\t\t\t\t\t\t\t<img decoding=\"async\" width=\"663\" height=\"1024\" src=\"http:\/\/transp.eted.gov.do\/transparencia\/wp-content\/uploads\/2025\/09\/Encuesta_OAI-663x1024.png\" class=\"attachment-large size-large wp-image-11548\" alt=\"\" srcset=\"http:\/\/transp.eted.gov.do\/transparencia\/wp-content\/uploads\/2025\/09\/Encuesta_OAI-663x1024.png 663w, http:\/\/transp.eted.gov.do\/transparencia\/wp-content\/uploads\/2025\/09\/Encuesta_OAI-194x300.png 194w, http:\/\/transp.eted.gov.do\/transparencia\/wp-content\/uploads\/2025\/09\/Encuesta_OAI-768x1187.png 768w, http:\/\/transp.eted.gov.do\/transparencia\/wp-content\/uploads\/2025\/09\/Encuesta_OAI.png 792w\" sizes=\"(max-width: 663px) 100vw, 663px\" \/>\t\t\t\t\t\t\t\t\t\t\t\t\t\t\t<\/div>\n\t\t\t\t<\/div>\n\t\t\t\t<\/div>\n\t\t\t\t\t<\/div>\n\t\t\t\t<\/div>\n\t\t\t\t<\/div>\n\t\t","protected":false},"excerpt":{"rendered":"<p>Misi\u00f3n: Impulsar la rendici\u00f3n de cuentas y transparencia en la gesti\u00f3n de la ETED a trav\u00e9z de un servicio de Libre Acceso a la Informaci\u00f3n P\u00fablica, de forma \u00e1gil, oportuna y veraz, con la utilizaci\u00f3n de tecnolog\u00edas de informaci\u00f3n. Visi\u00f3n:\u00a0\u00a0\u00a0 Mantener a dispoci\u00f3n de los ciudadanos todas las informaciones que son requeridas en virtud de [&hellip;]<\/p>\n","protected":false},"author":1,"featured_media":0,"parent":0,"menu_order":0,"comment_status":"closed","ping_status":"closed","template":"","meta":{"site-sidebar-layout":"no-sidebar","site-content-layout":"page-builder","ast-site-content-layout":"full-width-container","site-content-style":"default","site-sidebar-style":"default","ast-global-header-display":"","ast-banner-title-visibility":"","ast-main-header-display":"","ast-hfb-above-header-display":"","ast-hfb-below-header-display":"","ast-hfb-mobile-header-display":"","site-post-title":"disabled","ast-breadcrumbs-content":"","ast-featured-img":"disabled","footer-sml-layout":"","theme-transparent-header-meta":"","adv-header-id-meta":"","stick-header-meta":"","header-above-stick-meta":"","header-main-stick-meta":"","header-below-stick-meta":"","astra-migrate-meta-layouts":"set","ast-page-background-enabled":"default","ast-page-background-meta":{"desktop":{"background-color":"var(--ast-global-color-4)","background-image":"","background-repeat":"repeat","background-position":"center center","background-size":"auto","background-attachment":"scroll","background-type":"","background-media":"","overlay-type":"","overlay-color":"","overlay-opacity":"","overlay-gradient":""},"tablet":{"background-color":"","background-image":"","background-repeat":"repeat","background-position":"center center","background-size":"auto","background-attachment":"scroll","background-type":"","background-media":"","overlay-type":"","overlay-color":"","overlay-opacity":"","overlay-gradient":""},"mobile":{"background-color":"","background-image":"","background-repeat":"repeat","background-position":"center center","background-size":"auto","background-attachment":"scroll","background-type":"","background-media":"","overlay-type":"","overlay-color":"","overlay-opacity":"","overlay-gradient":""}},"ast-content-background-meta":{"desktop":{"background-color":"var(--ast-global-color-5)","background-image":"","background-repeat":"repeat","background-position":"center center","background-size":"auto","background-attachment":"scroll","background-type":"","background-media":"","overlay-type":"","overlay-color":"","overlay-opacity":"","overlay-gradient":""},"tablet":{"background-color":"var(--ast-global-color-5)","background-image":"","background-repeat":"repeat","background-position":"center center","background-size":"auto","background-attachment":"scroll","background-type":"","background-media":"","overlay-type":"","overlay-color":"","overlay-opacity":"","overlay-gradient":""},"mobile":{"background-color":"var(--ast-global-color-5)","background-image":"","background-repeat":"repeat","background-position":"center center","background-size":"auto","background-attachment":"scroll","background-type":"","background-media":"","overlay-type":"","overlay-color":"","overlay-opacity":"","overlay-gradient":""}},"footnotes":""},"class_list":["post-1909","page","type-page","status-publish","hentry"],"_links":{"self":[{"href":"http:\/\/transp.eted.gov.do\/transparencia\/wp-json\/wp\/v2\/pages\/1909","targetHints":{"allow":["GET"]}}],"collection":[{"href":"http:\/\/transp.eted.gov.do\/transparencia\/wp-json\/wp\/v2\/pages"}],"about":[{"href":"http:\/\/transp.eted.gov.do\/transparencia\/wp-json\/wp\/v2\/types\/page"}],"author":[{"embeddable":true,"href":"http:\/\/transp.eted.gov.do\/transparencia\/wp-json\/wp\/v2\/users\/1"}],"replies":[{"embeddable":true,"href":"http:\/\/transp.eted.gov.do\/transparencia\/wp-json\/wp\/v2\/comments?post=1909"}],"version-history":[{"count":12,"href":"http:\/\/transp.eted.gov.do\/transparencia\/wp-json\/wp\/v2\/pages\/1909\/revisions"}],"predecessor-version":[{"id":11560,"href":"http:\/\/transp.eted.gov.do\/transparencia\/wp-json\/wp\/v2\/pages\/1909\/revisions\/11560"}],"wp:attachment":[{"href":"http:\/\/transp.eted.gov.do\/transparencia\/wp-json\/wp\/v2\/media?parent=1909"}],"curies":[{"name":"wp","href":"https:\/\/api.w.org\/{rel}","templated":true}]}}