{"id":1852,"date":"2025-01-16T14:47:32","date_gmt":"2025-01-16T18:47:32","guid":{"rendered":"http:\/\/52.197.181.88:8081\/transparencia\/?page_id=1852"},"modified":"2025-09-12T09:54:18","modified_gmt":"2025-09-12T13:54:18","slug":"base-legal-decretos","status":"publish","type":"page","link":"http:\/\/transp.eted.gov.do\/transparencia\/base-legal-decretos\/","title":{"rendered":"DECRETOS"},"content":{"rendered":"\t\t<div data-elementor-type=\"wp-page\" data-elementor-id=\"1852\" class=\"elementor elementor-1852\" data-elementor-post-type=\"page\">\n\t\t\t\t<div data-particle_enable=\"false\" data-particle-mobile-disabled=\"false\" class=\"elementor-element elementor-element-d33a58d e-flex e-con-boxed e-con e-parent\" data-id=\"d33a58d\" data-element_type=\"container\">\n\t\t\t\t\t<div class=\"e-con-inner\">\n\t\t\t\t<div class=\"elementor-element elementor-element-7f94451 elementor-widget elementor-widget-wpfd_choose_category\" data-id=\"7f94451\" data-element_type=\"widget\" data-widget_type=\"wpfd_choose_category.default\">\n\t\t\t\t<div class=\"elementor-widget-container\">\n\t\t\t\t\t<div id=\"wpfd-elementor-category\" class=\"wpfd-elementor-category\"><script type=\"text\/x-handlebars-template\"        id=\"wpfd-template-table-categories-9\">    <div class=\"wpfd-categories \">{{#if category}}{{#with category}}<h2>{{name}}<\/h2>{{#if parent}}<a class=\"catlink backcategory\" href=\"#\" data-idcat=\"{{parent}}\">                        <i class=\"zmdi zmdi-chevron-left\"><\/i><span>Volver<\/span><\/a>{{\/if}}{{\/with}}{{\/if}}{{#if category.desc}}<div class=\"wpfd-category-desc\">{{category.desc}}<\/div>{{\/if}}{{#if categories}}{{#each categories}}<a class=\"wpfdcategory catlink \" style=\"margin : 10px 10px 10px 10px;\" href=\"#\" data-idcat=\"{{termID}}\" title=\"{{name}}\">                                <span>{{name}}<\/span><i class=\"zmdi zmdi-folder wpfd-folder\" style=\"color: {{color}}\"><\/i>                            <\/a>{{\/each}}{{\/if}}<div class=\"wpfdcategory_placeholder\" style=\"margin : 0 10px 0 10px;\"><\/div><div class=\"wpfdcategory_placeholder\" style=\"margin : 0 10px 0 10px;\"><\/div><div class=\"wpfdcategory_placeholder\" style=\"margin : 0 10px 0 10px;\"><\/div><\/div><\/script><script type=\"text\/x-handlebars-template\" id=\"wpfd-template-table-9\">    {{#if files}}    {{#each files}}    <tr class=\"file {{class}} {{ext}}\" data-id=\"{{ID}}\" data-catid=\"{{catid}}\">        <input type=\"hidden\" class=\"wpfd_file_preview_link_download\" value=\"{{linkdownload}}\" data-filetitle=\"{{post_title}}\" data-fileicons=\"ext ext-{{ext}} wpfd-icon-set-svg\" \/>    <td class=\"file_title\"><a class=\"wpfd_downloadlink\" href=\"{{linkdownload}}\"  title=\"{{post_title}}\" target=\"{{#if remote_file}}_blank{{\/if}}\"><span class=\"extcol\">{{#if file_custom_icon}}<span class=\"icon-custom\"><img decoding=\"async\" src=\"{{file_custom_icon}}\"><\/span>{{else}}<span class=\"ext ext-{{ext}} wpfd-icon-set-svg\"><\/span>{{\/if}}<\/span><span class=\"wpfd-file-crop-title\">{{{crop_title}}}<\/span><\/a><\/td><td class=\"file_desc\">{{{description}}}<\/td><td class=\"file_version\">{{versionNumber}}<\/td><td class=\"file_size\">{{bytesToSize size}}<\/td><td class=\"file_hits\">{{hits}}<\/td><td class=\"file_created\">{{created}}<\/td>                    <td class=\"col-download\">                <a class=\"downloadlink wpfd_downloadlink\"  href=\"{{linkdownload}}\"  style=\"background-color:#76bc58;color:#ffffff;\" target=\"{{#if remote_file}}_blank{{\/if}}\">Descargar<i class=\"zmdi zmdi-cloud-download wpfd-download\"><\/i><\/a>{{#if openpdflink}}<a class=\"openlink wpfdlightbox wpfd_previewlink\" href=\"{{openpdflink}}\"  target=\"\">Preview                            <i class=\"zmdi zmdi-filter-center-focus wpfd-preview\"><\/i>                        <\/a>{{else}}{{#if viewerlink}}<a                            href=\"{{viewerlink}}\"                                                        class=\"openlink wpfdlightbox wpfd_previewlink\"                            target=\"\"                            data-id=\"{{ID}}\"                            data-catid=\"{{catid}}\"                            data-file-type=\"{{ext}}\">Preview<i class=\"zmdi zmdi-filter-center-focus wpfd-preview\"><\/i>                        <\/a>{{\/if}}{{\/if}}            <\/td>            <\/tr>    {{\/each}}    {{\/if}}<\/script><div class=\"wpfd-content wpfd-content-table wpfd-content-multi colstyle\" data-category=\"9\"              style=\"background-color: transparent;\"><input type=\"hidden\" id=\"current_category_9\" value=\"9\" \/>                    <input type=\"hidden\" id=\"current_category_slug_9\" value=\"decretos\" \/>                    <input type=\"hidden\" id=\"current_ordering_9\" value=\"ordering\" \/>                    <input type=\"hidden\" id=\"current_ordering_direction_9\" value=\"asc\" \/>                    <input type=\"hidden\" id=\"page_limit_9\" value=\"20\" \/><input type=\"hidden\" id=\"wpfd_display_empty_category_message\" value=\"0\" \/><input type=\"hidden\" id=\"wpfd_empty_category_message_val\" value=\"Durante este mes no se realiz\u00f3 ning\u00fan proceso bajo esta modalidad.\" \/><input type=\"hidden\" id=\"wpfd_display_empty_folder\" value=\"1\" \/><input type=\"hidden\" id=\"wpfd_is_empty_subcategories\" value=\"1\" \/><input type=\"hidden\" id=\"wpfd_is_empty_files\" value=\"1\" \/><input type=\"hidden\" id=\"wpfd_root_category_id\" class=\"wpfd_root_category_id\" value=\"9\" \/><input type=\"hidden\" id=\"wpfd_root_category_theme\" class=\"wpfd_root_category_theme\" value=\"table\" \/><input type=\"hidden\" id=\"wpfd_root_category_clone_theme_type\" class=\"wpfd_root_category_clone_theme_type\" value=\"none\" \/><input type=\"hidden\" id=\"wpfd_root_category_type\" class=\"wpfd_root_category_type\" value=\"9\" \/><ul class=\"breadcrumbs wpfd-breadcrumbs-table head-category-table\">                            <li class=\"active\">Decretos<\/li>                        <\/ul><div class=\"wpfd-container show_category_title show_breadcrumb show_subcategories\">        <div class=\"wpfd-open-tree\"><\/div>    <div class=\"wpfd-container-table  \">        <div class=\"wpfd-categories \"><h2 class=\"wpfd-category-theme-title\">Decretos<\/h2><div class=\"wpfd-category-desc\"><\/div><a class=\"wpfdcategory catlink\" style=\"margin : 10px 10px 10px 10px;\" href=\"#\"                                   data-idcat=\"8165\"                                   title=\"DECRETOS ANTERIORES\">                                    <span>DECRETOS ANTERIORES<\/span>                                    <i class=\"zmdi zmdi-folder wpfd-folder\" style=\"color: #fad165\"><\/i>                                <\/a><div class=\"wpfdcategory_placeholder\" style=\"margin : 0 10px 0 10px;\"><\/div><div class=\"wpfdcategory_placeholder\" style=\"margin : 0 10px 0 10px;\"><\/div><div class=\"wpfdcategory_placeholder\" style=\"margin : 0 10px 0 10px;\"><\/div><input type=\"hidden\" id=\"wpfd_subcategories_hover_color\" class=\"wpfd_subcategories_hover_color\" value=\"\" \/><\/div>        <table class=\"wpfd-search-result wpfd-table wpfd-table-bordered wpfd-table-striped wpfd-table-0 mediaTable wpfd-theme-rows\">            <thead>                <tr>                    <th class=\"essential persist file_title\">T\u00edtulo<\/th><th class=\"optional file_desc\">Descripci\u00f3n<\/th><th class=\"optional file_version\">Versi\u00f3n<\/th><th class=\"optional file_size\">Tama\u00f1o<\/th><th class=\"optional file_hits\">Visto<\/th><th class=\"optional file_created\">Agregado<\/th><th class=\"essential file_download file_download_tbl\">Descargar<\/th>                <\/tr>            <\/thead>            <tbody>                                            <tr class=\"file pdf\" data-id=\"47544\"                    data-catid=\"9\">                                        <input type=\"hidden\" class=\"wpfd_file_preview_link_download\" value=\"http:\/\/transp.eted.gov.do\/transparencia\/download\/9\/decretos\/47544\/decreto-num-55-26-readecuacion-de-la-empresa-de-transmision-electrica-dominicana-eted-de-fecha-30-de-enero-de-2026-2.pdf\"                           data-filetitle=\"DECRETO N\u00daM. 55-26 READECUACI\u00d3N DE LA EMPRESA DE TRANSMISI\u00d3N EL\u00c9CTRICA DOMINICANA (ETED DE FECHA 30 DE ENERO DE 2026\" data-fileicons=\"ext ext-pdf wpfd-icon-set-svg\" \/>                    <td class=\"file_title\"><a class=\"wpfd_downloadlink\" href=\"http:\/\/transp.eted.gov.do\/transparencia\/download\/9\/decretos\/47544\/decreto-num-55-26-readecuacion-de-la-empresa-de-transmision-electrica-dominicana-eted-de-fecha-30-de-enero-de-2026-2.pdf\"  title=\"DECRETO N\u00daM. 55-26 READECUACI\u00d3N DE LA EMPRESA DE TRANSMISI\u00d3N EL\u00c9CTRICA DOMINICANA (ETED DE FECHA 30 DE ENERO DE 2026\" target=\"\"><span class=\"extcol\"><span class=\"ext ext-pdf wpfd-icon-set-svg\"><\/span><\/span><span class=\"wpfd-file-crop-title\">DECRETO N\u00daM. 55-26 READECUACI\u00d3N DE LA EMPRESA DE TRANSMISI\u00d3N EL\u00c9CTRICA DOMINICANA (ETED DE FECHA 30 DE ENERO DE 2026<\/span><\/a><\/td><td class=\"file_desc\"><\/td><td class=\"file_version\"><\/td><td class=\"file_size\">7.72 MB<\/td><td class=\"file_hits\">195<\/td><td class=\"file_created\">02-02-2026<\/td>                                            <td class=\"file_download_tbl col-download\">                            <a class=\"downloadlink wpfd_downloadlink\"  href=\"http:\/\/transp.eted.gov.do\/transparencia\/download\/9\/decretos\/47544\/decreto-num-55-26-readecuacion-de-la-empresa-de-transmision-electrica-dominicana-eted-de-fecha-30-de-enero-de-2026-2.pdf\"  style=\"background-color:#76bc58;color:#ffffff;\" target=\"\">Descargar<i class=\"zmdi zmdi-cloud-download wpfd-download\"><\/i><\/a><a class=\"openlink wpfdlightbox wpfd_previewlink\" href=\"http:\/\/transp.eted.gov.do\/transparencia\/wp-admin\/admin-ajax.php?juwpfisadmin=false&#038;action=wpfd&#038;task=file.download&#038;wpfd_category_id=9&#038;wpfd_file_id=47544&#038;token=&#038;preview=1\"  target=\"\">Preview                            <i class=\"zmdi zmdi-filter-center-focus wpfd-preview\"><\/i>                        <\/a>                        <\/td>                                    <\/tr>                                                            <tr class=\"file pdf\" data-id=\"47546\"                    data-catid=\"9\">                                        <input type=\"hidden\" class=\"wpfd_file_preview_link_download\" value=\"http:\/\/transp.eted.gov.do\/transparencia\/download\/9\/decretos\/47546\/decreto-num-52-26-de-fecha-veintiocho-28-dias-del-mes-de-enero-del-ano-dos-mil-veintiseis-2026-2.pdf\"                           data-filetitle=\"DECRETO N\u00daM. 52-26 DE FECHA VEINTIOCHO 28 D\u00cdAS DEL MES DE ENERO DEL A\u00d1O DOS MIL VEINTIS\u00c9IS 2026\" data-fileicons=\"ext ext-pdf wpfd-icon-set-svg\" \/>                    <td class=\"file_title\"><a class=\"wpfd_downloadlink\" href=\"http:\/\/transp.eted.gov.do\/transparencia\/download\/9\/decretos\/47546\/decreto-num-52-26-de-fecha-veintiocho-28-dias-del-mes-de-enero-del-ano-dos-mil-veintiseis-2026-2.pdf\"  title=\"DECRETO N\u00daM. 52-26 DE FECHA VEINTIOCHO 28 D\u00cdAS DEL MES DE ENERO DEL A\u00d1O DOS MIL VEINTIS\u00c9IS 2026\" target=\"\"><span class=\"extcol\"><span class=\"ext ext-pdf wpfd-icon-set-svg\"><\/span><\/span><span class=\"wpfd-file-crop-title\">DECRETO N\u00daM. 52-26 DE FECHA VEINTIOCHO 28 D\u00cdAS DEL MES DE ENERO DEL A\u00d1O DOS MIL VEINTIS\u00c9IS 2026<\/span><\/a><\/td><td class=\"file_desc\"><\/td><td class=\"file_version\"><\/td><td class=\"file_size\">26.90 MB<\/td><td class=\"file_hits\">135<\/td><td class=\"file_created\">02-02-2026<\/td>                                            <td class=\"file_download_tbl col-download\">                            <a class=\"downloadlink wpfd_downloadlink\"  href=\"http:\/\/transp.eted.gov.do\/transparencia\/download\/9\/decretos\/47546\/decreto-num-52-26-de-fecha-veintiocho-28-dias-del-mes-de-enero-del-ano-dos-mil-veintiseis-2026-2.pdf\"  style=\"background-color:#76bc58;color:#ffffff;\" target=\"\">Descargar<i class=\"zmdi zmdi-cloud-download wpfd-download\"><\/i><\/a><a class=\"openlink wpfdlightbox wpfd_previewlink\" href=\"http:\/\/transp.eted.gov.do\/transparencia\/wp-admin\/admin-ajax.php?juwpfisadmin=false&#038;action=wpfd&#038;task=file.download&#038;wpfd_category_id=9&#038;wpfd_file_id=47546&#038;token=&#038;preview=1\"  target=\"\">Preview                            <i class=\"zmdi zmdi-filter-center-focus wpfd-preview\"><\/i>                        <\/a>                        <\/td>                                    <\/tr>                                                            <tr class=\"file pdf\" data-id=\"46074\"                    data-catid=\"9\">                                        <input type=\"hidden\" class=\"wpfd_file_preview_link_download\" value=\"http:\/\/transp.eted.gov.do\/transparencia\/download\/9\/decretos\/46074\/decreto-num-653-25-designa-antonio-alfonso-rodriguez-tejada-como-administrador-general-de-la-empresa-de-transmision-electrica-dominicana-eted-2.pdf\"                           data-filetitle=\"DECRETO N\u00daM. 653-25 DESIGNA ANTONIO ALFONSO RODR\u00cdGUEZ TEJADA COMO ADMINISTRADOR GENERAL DE LA EMPRESA DE TRANSMISI\u00d3N EL\u00c9CTRICA DOMINICANA ETED\" data-fileicons=\"ext ext-pdf wpfd-icon-set-svg\" \/>                    <td class=\"file_title\"><a class=\"wpfd_downloadlink\" href=\"http:\/\/transp.eted.gov.do\/transparencia\/download\/9\/decretos\/46074\/decreto-num-653-25-designa-antonio-alfonso-rodriguez-tejada-como-administrador-general-de-la-empresa-de-transmision-electrica-dominicana-eted-2.pdf\"  title=\"DECRETO N\u00daM. 653-25 DESIGNA ANTONIO ALFONSO RODR\u00cdGUEZ TEJADA COMO ADMINISTRADOR GENERAL DE LA EMPRESA DE TRANSMISI\u00d3N EL\u00c9CTRICA DOMINICANA ETED\" target=\"\"><span class=\"extcol\"><span class=\"ext ext-pdf wpfd-icon-set-svg\"><\/span><\/span><span class=\"wpfd-file-crop-title\">DECRETO N\u00daM. 653-25 DESIGNA ANTONIO ALFONSO RODR\u00cdGUEZ TEJADA COMO ADMINISTRADOR GENERAL DE LA EMPRESA DE TRANSMISI\u00d3N EL\u00c9CTRICA DOMINICANA ETED<\/span><\/a><\/td><td class=\"file_desc\"><\/td><td class=\"file_version\"><\/td><td class=\"file_size\">191.78 KB<\/td><td class=\"file_hits\">193<\/td><td class=\"file_created\">21-11-2025<\/td>                                            <td class=\"file_download_tbl col-download\">                            <a class=\"downloadlink wpfd_downloadlink\"  href=\"http:\/\/transp.eted.gov.do\/transparencia\/download\/9\/decretos\/46074\/decreto-num-653-25-designa-antonio-alfonso-rodriguez-tejada-como-administrador-general-de-la-empresa-de-transmision-electrica-dominicana-eted-2.pdf\"  style=\"background-color:#76bc58;color:#ffffff;\" target=\"\">Descargar<i class=\"zmdi zmdi-cloud-download wpfd-download\"><\/i><\/a><a class=\"openlink wpfdlightbox wpfd_previewlink\" href=\"http:\/\/transp.eted.gov.do\/transparencia\/wp-admin\/admin-ajax.php?juwpfisadmin=false&#038;action=wpfd&#038;task=file.download&#038;wpfd_category_id=9&#038;wpfd_file_id=46074&#038;token=&#038;preview=1\"  target=\"\">Preview                            <i class=\"zmdi zmdi-filter-center-focus wpfd-preview\"><\/i>                        <\/a>                        <\/td>                                    <\/tr>                                                            <tr class=\"file pdf\" data-id=\"12338\"                    data-catid=\"9\">                                        <input type=\"hidden\" class=\"wpfd_file_preview_link_download\" value=\"http:\/\/transp.eted.gov.do\/transparencia\/download\/9\/decretos\/12338\/decreto-num-629-07-que-crea-la-empresa-de-transmision-electrica-dominicana-eted-de-propiedad-estrictamente-estatal-de-fecha-2-de-noviembre-2007.pdf\"                           data-filetitle=\"DECRETO N\u00daM. 629-07 QUE CREA LA EMPRESA DE TRANSMISI\u00d3N EL\u00c9CTRICA DOMINICANA ETED DE PROPIEDAD ESTRICTAMENTE ESTATAL DE FECHA 2 DE NOVIEMBRE 2007\" data-fileicons=\"ext ext-pdf wpfd-icon-set-svg\" \/>                    <td class=\"file_title\"><a class=\"wpfd_downloadlink\" href=\"http:\/\/transp.eted.gov.do\/transparencia\/download\/9\/decretos\/12338\/decreto-num-629-07-que-crea-la-empresa-de-transmision-electrica-dominicana-eted-de-propiedad-estrictamente-estatal-de-fecha-2-de-noviembre-2007.pdf\"  title=\"DECRETO N\u00daM. 629-07 QUE CREA LA EMPRESA DE TRANSMISI\u00d3N EL\u00c9CTRICA DOMINICANA ETED DE PROPIEDAD ESTRICTAMENTE ESTATAL DE FECHA 2 DE NOVIEMBRE 2007\" target=\"\"><span class=\"extcol\"><span class=\"ext ext-pdf wpfd-icon-set-svg\"><\/span><\/span><span class=\"wpfd-file-crop-title\">DECRETO N\u00daM. 629-07 QUE CREA LA EMPRESA DE TRANSMISI\u00d3N EL\u00c9CTRICA DOMINICANA ETED DE PROPIEDAD ESTRICTAMENTE ESTATAL DE FECHA 2 DE NOVIEMBRE 2007<\/span><\/a><\/td><td class=\"file_desc\"><\/td><td class=\"file_version\"><\/td><td class=\"file_size\">98.81 KB<\/td><td class=\"file_hits\">298<\/td><td class=\"file_created\">17-09-2025<\/td>                                            <td class=\"file_download_tbl col-download\">                            <a class=\"downloadlink wpfd_downloadlink\"  href=\"http:\/\/transp.eted.gov.do\/transparencia\/download\/9\/decretos\/12338\/decreto-num-629-07-que-crea-la-empresa-de-transmision-electrica-dominicana-eted-de-propiedad-estrictamente-estatal-de-fecha-2-de-noviembre-2007.pdf\"  style=\"background-color:#76bc58;color:#ffffff;\" target=\"\">Descargar<i class=\"zmdi zmdi-cloud-download wpfd-download\"><\/i><\/a><a class=\"openlink wpfdlightbox wpfd_previewlink\" href=\"http:\/\/transp.eted.gov.do\/transparencia\/wp-admin\/admin-ajax.php?juwpfisadmin=false&#038;action=wpfd&#038;task=file.download&#038;wpfd_category_id=9&#038;wpfd_file_id=12338&#038;token=&#038;preview=1\"  target=\"\">Preview                            <i class=\"zmdi zmdi-filter-center-focus wpfd-preview\"><\/i>                        <\/a>                        <\/td>                                    <\/tr>                                                            <tr class=\"file pdf\" data-id=\"1679\"                    data-catid=\"9\">                                        <input type=\"hidden\" class=\"wpfd_file_preview_link_download\" value=\"http:\/\/transp.eted.gov.do\/transparencia\/download\/9\/decretos\/1679\/decreto-num-791-21-que-declara-de-alta-prioridad-nacional-el-proceso-de-implementacion-y-eleccion-de-las-cigcn-2.pdf\"                           data-filetitle=\"DECRETO N\u00daM. 791-21 QUE DECLARA DE ALTA PRIORIDAD NACIONAL EL PROCESO DE IMPLEMENTACI\u00d3N Y ELECCI\u00d3N DE LAS CIGCN\" data-fileicons=\"ext ext-pdf wpfd-icon-set-svg\" \/>                    <td class=\"file_title\"><a class=\"wpfd_downloadlink\" href=\"http:\/\/transp.eted.gov.do\/transparencia\/download\/9\/decretos\/1679\/decreto-num-791-21-que-declara-de-alta-prioridad-nacional-el-proceso-de-implementacion-y-eleccion-de-las-cigcn-2.pdf\"  title=\"DECRETO N\u00daM. 791-21 QUE DECLARA DE ALTA PRIORIDAD NACIONAL EL PROCESO DE IMPLEMENTACI\u00d3N Y ELECCI\u00d3N DE LAS CIGCN\" target=\"\"><span class=\"extcol\"><span class=\"ext ext-pdf wpfd-icon-set-svg\"><\/span><\/span><span class=\"wpfd-file-crop-title\">DECRETO N\u00daM. 791-21 QUE DECLARA DE ALTA PRIORIDAD NACIONAL EL PROCESO DE IMPLEMENTACI\u00d3N Y ELECCI\u00d3N DE LAS CIGCN<\/span><\/a><\/td><td class=\"file_desc\"><\/td><td class=\"file_version\"><\/td><td class=\"file_size\">249.44 KB<\/td><td class=\"file_hits\">249<\/td><td class=\"file_created\">14-01-2025<\/td>                                            <td class=\"file_download_tbl col-download\">                            <a class=\"downloadlink wpfd_downloadlink\"  href=\"http:\/\/transp.eted.gov.do\/transparencia\/download\/9\/decretos\/1679\/decreto-num-791-21-que-declara-de-alta-prioridad-nacional-el-proceso-de-implementacion-y-eleccion-de-las-cigcn-2.pdf\"  style=\"background-color:#76bc58;color:#ffffff;\" target=\"\">Descargar<i class=\"zmdi zmdi-cloud-download wpfd-download\"><\/i><\/a><a class=\"openlink wpfdlightbox wpfd_previewlink\" href=\"http:\/\/transp.eted.gov.do\/transparencia\/wp-admin\/admin-ajax.php?juwpfisadmin=false&#038;action=wpfd&#038;task=file.download&#038;wpfd_category_id=9&#038;wpfd_file_id=1679&#038;token=&#038;preview=1\"  target=\"\">Preview                            <i class=\"zmdi zmdi-filter-center-focus wpfd-preview\"><\/i>                        <\/a>                        <\/td>                                    <\/tr>                                                            <tr class=\"file pdf\" data-id=\"1678\"                    data-catid=\"9\">                                        <input type=\"hidden\" class=\"wpfd_file_preview_link_download\" value=\"http:\/\/transp.eted.gov.do\/transparencia\/download\/9\/decretos\/1678\/decreto-num-416-23-14-dias-del-mes-de-septiembre-del-ano-dos-mil-veintitres-2023.pdf\"                           data-filetitle=\"DECRETO N\u00daM. 416-23  14 DIAS DEL MES DE SEPTIEMBRE DEL ANO DOS MIL VEINTITRES 2023\" data-fileicons=\"ext ext-pdf wpfd-icon-set-svg\" \/>                    <td class=\"file_title\"><a class=\"wpfd_downloadlink\" href=\"http:\/\/transp.eted.gov.do\/transparencia\/download\/9\/decretos\/1678\/decreto-num-416-23-14-dias-del-mes-de-septiembre-del-ano-dos-mil-veintitres-2023.pdf\"  title=\"DECRETO N\u00daM. 416-23  14 DIAS DEL MES DE SEPTIEMBRE DEL ANO DOS MIL VEINTITRES 2023\" target=\"\"><span class=\"extcol\"><span class=\"ext ext-pdf wpfd-icon-set-svg\"><\/span><\/span><span class=\"wpfd-file-crop-title\">DECRETO N\u00daM. 416-23  14 DIAS DEL MES DE SEPTIEMBRE DEL ANO DOS MIL VEINTITRES 2023<\/span><\/a><\/td><td class=\"file_desc\"><\/td><td class=\"file_version\"><\/td><td class=\"file_size\">36.72 MB<\/td><td class=\"file_hits\">375<\/td><td class=\"file_created\">14-01-2025<\/td>                                            <td class=\"file_download_tbl col-download\">                            <a class=\"downloadlink wpfd_downloadlink\"  href=\"http:\/\/transp.eted.gov.do\/transparencia\/download\/9\/decretos\/1678\/decreto-num-416-23-14-dias-del-mes-de-septiembre-del-ano-dos-mil-veintitres-2023.pdf\"  style=\"background-color:#76bc58;color:#ffffff;\" target=\"\">Descargar<i class=\"zmdi zmdi-cloud-download wpfd-download\"><\/i><\/a><a class=\"openlink wpfdlightbox wpfd_previewlink\" href=\"http:\/\/transp.eted.gov.do\/transparencia\/wp-admin\/admin-ajax.php?juwpfisadmin=false&#038;action=wpfd&#038;task=file.download&#038;wpfd_category_id=9&#038;wpfd_file_id=1678&#038;token=&#038;preview=1\"  target=\"\">Preview                            <i class=\"zmdi zmdi-filter-center-focus wpfd-preview\"><\/i>                        <\/a>                        <\/td>                                    <\/tr>                                        <\/tbody>        <\/table>            <\/div><\/div><\/div><\/div>\t\t\t\t<\/div>\n\t\t\t\t<\/div>\n\t\t\t\t\t<\/div>\n\t\t\t\t<\/div>\n\t\t\t\t<\/div>\n\t\t","protected":false},"excerpt":{"rendered":"<p>Decretos Decretos T\u00edtulo Descripci\u00f3n Versi\u00f3n Tama\u00f1o Visto Agregado Descargar Decreto 791-21 Decreto No.791-21 que declara de alta prioridad nacional el proceso de implementacin y eleccin de las CIG 249.44 KB 0 14-01-2025 DescargarPreview DECRETO 416-23 14 DIAS DEL MES DE SEPTIEMBRE DEL ANO DOS MIL VEINTITRES 2023 36.72 MB 1 14-01-2025 DescargarPreview<\/p>\n","protected":false},"author":1,"featured_media":0,"parent":0,"menu_order":0,"comment_status":"closed","ping_status":"closed","template":"","meta":{"site-sidebar-layout":"no-sidebar","site-content-layout":"page-builder","ast-site-content-layout":"full-width-container","site-content-style":"default","site-sidebar-style":"default","ast-global-header-display":"","ast-banner-title-visibility":"","ast-main-header-display":"","ast-hfb-above-header-display":"","ast-hfb-below-header-display":"","ast-hfb-mobile-header-display":"","site-post-title":"disabled","ast-breadcrumbs-content":"","ast-featured-img":"disabled","footer-sml-layout":"","theme-transparent-header-meta":"","adv-header-id-meta":"","stick-header-meta":"","header-above-stick-meta":"","header-main-stick-meta":"","header-below-stick-meta":"","astra-migrate-meta-layouts":"set","ast-page-background-enabled":"default","ast-page-background-meta":{"desktop":{"background-color":"var(--ast-global-color-4)","background-image":"","background-repeat":"repeat","background-position":"center center","background-size":"auto","background-attachment":"scroll","background-type":"","background-media":"","overlay-type":"","overlay-color":"","overlay-opacity":"","overlay-gradient":""},"tablet":{"background-color":"","background-image":"","background-repeat":"repeat","background-position":"center center","background-size":"auto","background-attachment":"scroll","background-type":"","background-media":"","overlay-type":"","overlay-color":"","overlay-opacity":"","overlay-gradient":""},"mobile":{"background-color":"","background-image":"","background-repeat":"repeat","background-position":"center center","background-size":"auto","background-attachment":"scroll","background-type":"","background-media":"","overlay-type":"","overlay-color":"","overlay-opacity":"","overlay-gradient":""}},"ast-content-background-meta":{"desktop":{"background-color":"var(--ast-global-color-5)","background-image":"","background-repeat":"repeat","background-position":"center center","background-size":"auto","background-attachment":"scroll","background-type":"","background-media":"","overlay-type":"","overlay-color":"","overlay-opacity":"","overlay-gradient":""},"tablet":{"background-color":"var(--ast-global-color-5)","background-image":"","background-repeat":"repeat","background-position":"center center","background-size":"auto","background-attachment":"scroll","background-type":"","background-media":"","overlay-type":"","overlay-color":"","overlay-opacity":"","overlay-gradient":""},"mobile":{"background-color":"var(--ast-global-color-5)","background-image":"","background-repeat":"repeat","background-position":"center center","background-size":"auto","background-attachment":"scroll","background-type":"","background-media":"","overlay-type":"","overlay-color":"","overlay-opacity":"","overlay-gradient":""}},"footnotes":""},"class_list":["post-1852","page","type-page","status-publish","hentry"],"_links":{"self":[{"href":"http:\/\/transp.eted.gov.do\/transparencia\/wp-json\/wp\/v2\/pages\/1852","targetHints":{"allow":["GET"]}}],"collection":[{"href":"http:\/\/transp.eted.gov.do\/transparencia\/wp-json\/wp\/v2\/pages"}],"about":[{"href":"http:\/\/transp.eted.gov.do\/transparencia\/wp-json\/wp\/v2\/types\/page"}],"author":[{"embeddable":true,"href":"http:\/\/transp.eted.gov.do\/transparencia\/wp-json\/wp\/v2\/users\/1"}],"replies":[{"embeddable":true,"href":"http:\/\/transp.eted.gov.do\/transparencia\/wp-json\/wp\/v2\/comments?post=1852"}],"version-history":[{"count":3,"href":"http:\/\/transp.eted.gov.do\/transparencia\/wp-json\/wp\/v2\/pages\/1852\/revisions"}],"predecessor-version":[{"id":12128,"href":"http:\/\/transp.eted.gov.do\/transparencia\/wp-json\/wp\/v2\/pages\/1852\/revisions\/12128"}],"wp:attachment":[{"href":"http:\/\/transp.eted.gov.do\/transparencia\/wp-json\/wp\/v2\/media?parent=1852"}],"curies":[{"name":"wp","href":"https:\/\/api.w.org\/{rel}","templated":true}]}}