{"id":1718,"date":"2025-01-15T09:50:01","date_gmt":"2025-01-15T13:50:01","guid":{"rendered":"http:\/\/52.197.181.88:8081\/transparencia\/?page_id=1718"},"modified":"2025-10-06T09:30:41","modified_gmt":"2025-10-06T13:30:41","slug":"estructura-institucion","status":"publish","type":"page","link":"http:\/\/transp.eted.gov.do\/transparencia\/estructura-institucion\/","title":{"rendered":"ESTRUCTURA ORG\u00c1NICA DE LA INSTITUCI\u00d3N"},"content":{"rendered":"\t\t<div data-elementor-type=\"wp-page\" data-elementor-id=\"1718\" class=\"elementor elementor-1718\" data-elementor-post-type=\"page\">\n\t\t\t\t<div data-particle_enable=\"false\" data-particle-mobile-disabled=\"false\" class=\"elementor-element elementor-element-80ba082 e-flex e-con-boxed e-con e-parent\" data-id=\"80ba082\" data-element_type=\"container\">\n\t\t\t\t\t<div class=\"e-con-inner\">\n\t\t\t\t<div class=\"elementor-element elementor-element-17bf3a6 elementor-widget elementor-widget-html\" data-id=\"17bf3a6\" data-element_type=\"widget\" data-widget_type=\"html.default\">\n\t\t\t\t<div class=\"elementor-widget-container\">\n\t\t\t\t\t<div style=\"width: 100%;\"><div style=\"position: relative; padding-bottom: 56.25%; padding-top: 0; height: 0;\"><iframe title=\"Estructura Org\u00e1nica ETED\" frameborder=\"0\" width=\"1200\" height=\"675\" style=\"position: absolute; top: 0; left: 0; width: 100%; height: 100%;\" src=\"https:\/\/view.genially.com\/68dc17652aa1aef7b2f6e64d\" type=\"text\/html\" allowscriptaccess=\"always\" allowfullscreen=\"true\" scrolling=\"yes\" allownetworking=\"all\"><\/iframe> <\/div> <\/div>\t\t\t\t<\/div>\n\t\t\t\t<\/div>\n\t\t\t\t<div class=\"elementor-element elementor-element-0d2b8d2 elementor-widget elementor-widget-html\" data-id=\"0d2b8d2\" data-element_type=\"widget\" data-widget_type=\"html.default\">\n\t\t\t\t<div class=\"elementor-widget-container\">\n\t\t\t\t\t<div style=\"width: 100%;\"><div style=\"position: relative; padding-bottom: 116.67%; padding-top: 0; height: 0;\"><iframe title=\"Estructura Org\u00e1nica ETED Completa\" frameborder=\"0\" width=\"1200\" height=\"1400\" style=\"position: absolute; top: 0; left: 0; width: 100%; height: 100%;\" src=\"https:\/\/view.genially.com\/68dd89a13a50c73046430480\" type=\"text\/html\" allowscriptaccess=\"always\" allowfullscreen=\"true\" scrolling=\"yes\" allownetworking=\"all\"><\/iframe> <\/div> <\/div>\t\t\t\t<\/div>\n\t\t\t\t<\/div>\n\t\t\t\t\t<\/div>\n\t\t\t\t<\/div>\n\t\t<div data-particle_enable=\"false\" data-particle-mobile-disabled=\"false\" class=\"elementor-element elementor-element-792258e e-flex e-con-boxed e-con e-parent\" data-id=\"792258e\" data-element_type=\"container\">\n\t\t\t\t\t<div class=\"e-con-inner\">\n\t\t\t\t<div class=\"elementor-element elementor-element-9933665 elementor-widget elementor-widget-wpfd_choose_category\" data-id=\"9933665\" data-element_type=\"widget\" data-widget_type=\"wpfd_choose_category.default\">\n\t\t\t\t<div class=\"elementor-widget-container\">\n\t\t\t\t\t<div id=\"wpfd-elementor-category\" class=\"wpfd-elementor-category\"><script type=\"text\/x-handlebars-template\"        id=\"wpfd-template-table-categories-26\">    <div class=\"wpfd-categories \">{{#if category}}{{#with category}}<h2>{{name}}<\/h2>{{#if parent}}<a class=\"catlink backcategory\" href=\"#\" data-idcat=\"{{parent}}\">                        <i class=\"zmdi zmdi-chevron-left\"><\/i><span>Volver<\/span><\/a>{{\/if}}{{\/with}}{{\/if}}{{#if category.desc}}<div class=\"wpfd-category-desc\">{{category.desc}}<\/div>{{\/if}}{{#if categories}}{{#each categories}}<a class=\"wpfdcategory catlink \" style=\"margin : 10px 10px 10px 10px;\" href=\"#\" data-idcat=\"{{termID}}\" title=\"{{name}}\">                                <span>{{name}}<\/span><i class=\"zmdi zmdi-folder wpfd-folder\" style=\"color: {{color}}\"><\/i>                            <\/a>{{\/each}}{{\/if}}<div class=\"wpfdcategory_placeholder\" style=\"margin : 0 10px 0 10px;\"><\/div><div class=\"wpfdcategory_placeholder\" style=\"margin : 0 10px 0 10px;\"><\/div><div class=\"wpfdcategory_placeholder\" style=\"margin : 0 10px 0 10px;\"><\/div><\/div><\/script><script type=\"text\/x-handlebars-template\" id=\"wpfd-template-table-26\">    {{#if files}}    {{#each files}}    <tr class=\"file {{class}} {{ext}}\" data-id=\"{{ID}}\" data-catid=\"{{catid}}\">        <input type=\"hidden\" class=\"wpfd_file_preview_link_download\" value=\"{{linkdownload}}\" data-filetitle=\"{{post_title}}\" data-fileicons=\"ext ext-{{ext}} wpfd-icon-set-svg\" \/>    <td class=\"file_title\"><a class=\"wpfd_downloadlink\" href=\"{{linkdownload}}\"  title=\"{{post_title}}\" target=\"{{#if remote_file}}_blank{{\/if}}\"><span class=\"extcol\">{{#if file_custom_icon}}<span class=\"icon-custom\"><img decoding=\"async\" src=\"{{file_custom_icon}}\"><\/span>{{else}}<span class=\"ext ext-{{ext}} wpfd-icon-set-svg\"><\/span>{{\/if}}<\/span><span class=\"wpfd-file-crop-title\">{{{crop_title}}}<\/span><\/a><\/td><td class=\"file_desc\">{{{description}}}<\/td><td class=\"file_version\">{{versionNumber}}<\/td><td class=\"file_size\">{{bytesToSize size}}<\/td><td class=\"file_hits\">{{hits}}<\/td><td class=\"file_created\">{{created}}<\/td>                    <td class=\"col-download\">                <a class=\"downloadlink wpfd_downloadlink\"  href=\"{{linkdownload}}\"  style=\"background-color:#76bc58;color:#ffffff;\" target=\"{{#if remote_file}}_blank{{\/if}}\">Descargar<i class=\"zmdi zmdi-cloud-download wpfd-download\"><\/i><\/a>{{#if openpdflink}}<a class=\"openlink wpfdlightbox wpfd_previewlink\" href=\"{{openpdflink}}\"  target=\"\">Preview                            <i class=\"zmdi zmdi-filter-center-focus wpfd-preview\"><\/i>                        <\/a>{{else}}{{#if viewerlink}}<a                            href=\"{{viewerlink}}\"                                                        class=\"openlink wpfdlightbox wpfd_previewlink\"                            target=\"\"                            data-id=\"{{ID}}\"                            data-catid=\"{{catid}}\"                            data-file-type=\"{{ext}}\">Preview<i class=\"zmdi zmdi-filter-center-focus wpfd-preview\"><\/i>                        <\/a>{{\/if}}{{\/if}}            <\/td>            <\/tr>    {{\/each}}    {{\/if}}<\/script><div class=\"wpfd-content wpfd-content-table wpfd-content-multi colstyle\" data-category=\"26\"              style=\"background-color: transparent;\"><input type=\"hidden\" id=\"current_category_26\" value=\"26\" \/>                    <input type=\"hidden\" id=\"current_category_slug_26\" value=\"estructura-organica-de-la-institucion\" \/>                    <input type=\"hidden\" id=\"current_ordering_26\" value=\"ordering\" \/>                    <input type=\"hidden\" id=\"current_ordering_direction_26\" value=\"asc\" \/>                    <input type=\"hidden\" id=\"page_limit_26\" value=\"20\" \/><input type=\"hidden\" id=\"wpfd_display_empty_category_message\" value=\"0\" \/><input type=\"hidden\" id=\"wpfd_empty_category_message_val\" value=\"Durante este mes no se realiz\u00f3 ning\u00fan proceso bajo esta modalidad.\" \/><input type=\"hidden\" id=\"wpfd_display_empty_folder\" value=\"1\" \/><input type=\"hidden\" id=\"wpfd_is_empty_subcategories\" value=\"1\" \/><input type=\"hidden\" id=\"wpfd_is_empty_files\" value=\"1\" \/><input type=\"hidden\" id=\"wpfd_root_category_id\" class=\"wpfd_root_category_id\" value=\"26\" \/><input type=\"hidden\" id=\"wpfd_root_category_theme\" class=\"wpfd_root_category_theme\" value=\"table\" \/><input type=\"hidden\" id=\"wpfd_root_category_clone_theme_type\" class=\"wpfd_root_category_clone_theme_type\" value=\"none\" \/><input type=\"hidden\" id=\"wpfd_root_category_type\" class=\"wpfd_root_category_type\" value=\"26\" \/><ul class=\"breadcrumbs wpfd-breadcrumbs-table head-category-table\">                            <li class=\"active\">Estructura Org\u00e1nica de la Instituci\u00f3n<\/li>                        <\/ul><div class=\"wpfd-container show_category_title show_breadcrumb show_subcategories\">        <div class=\"wpfd-open-tree\"><\/div>    <div class=\"wpfd-container-table  \">        <div class=\"wpfd-categories \"><h2 class=\"wpfd-category-theme-title\">Estructura Org\u00e1nica de la Instituci\u00f3n<\/h2><div class=\"wpfd-category-desc\"><\/div><\/div>        <table class=\"wpfd-search-result wpfd-table wpfd-table-bordered wpfd-table-striped wpfd-table-0 mediaTable wpfd-theme-rows\">            <thead>                <tr>                    <th class=\"essential persist file_title\">T\u00edtulo<\/th><th class=\"optional file_desc\">Descripci\u00f3n<\/th><th class=\"optional file_version\">Versi\u00f3n<\/th><th class=\"optional file_size\">Tama\u00f1o<\/th><th class=\"optional file_hits\">Visto<\/th><th class=\"optional file_created\">Agregado<\/th><th class=\"essential file_download file_download_tbl\">Descargar<\/th>                <\/tr>            <\/thead>            <tbody>                                            <tr class=\"file pdf\" data-id=\"16481\"                    data-catid=\"26\">                                        <input type=\"hidden\" class=\"wpfd_file_preview_link_download\" value=\"http:\/\/transp.eted.gov.do\/transparencia\/download\/26\/estructura-organica-de-la-institucion\/16481\/estructura-organica-eted-de-fecha-20-mayo-2025.pdf\"                           data-filetitle=\"ESTRUCTURA ORG\u00c1NICA ETED DE FECHA 20 MAYO 2025\" data-fileicons=\"ext ext-pdf wpfd-icon-set-svg\" \/>                    <td class=\"file_title\"><a class=\"wpfd_downloadlink\" href=\"http:\/\/transp.eted.gov.do\/transparencia\/download\/26\/estructura-organica-de-la-institucion\/16481\/estructura-organica-eted-de-fecha-20-mayo-2025.pdf\"  title=\"ESTRUCTURA ORG\u00c1NICA ETED DE FECHA 20 MAYO 2025\" target=\"\"><span class=\"extcol\"><span class=\"ext ext-pdf wpfd-icon-set-svg\"><\/span><\/span><span class=\"wpfd-file-crop-title\">ESTRUCTURA ORG\u00c1NICA ETED DE FECHA 20 MAYO 2025<\/span><\/a><\/td><td class=\"file_desc\"><\/td><td class=\"file_version\"><\/td><td class=\"file_size\">1.07 MB<\/td><td class=\"file_hits\">462<\/td><td class=\"file_created\">06-10-2025<\/td>                                            <td class=\"file_download_tbl col-download\">                            <a class=\"downloadlink wpfd_downloadlink\"  href=\"http:\/\/transp.eted.gov.do\/transparencia\/download\/26\/estructura-organica-de-la-institucion\/16481\/estructura-organica-eted-de-fecha-20-mayo-2025.pdf\"  style=\"background-color:#76bc58;color:#ffffff;\" target=\"\">Descargar<i class=\"zmdi zmdi-cloud-download wpfd-download\"><\/i><\/a><a class=\"openlink wpfdlightbox wpfd_previewlink\" href=\"http:\/\/transp.eted.gov.do\/transparencia\/wp-admin\/admin-ajax.php?juwpfisadmin=false&#038;action=wpfd&#038;task=file.download&#038;wpfd_category_id=26&#038;wpfd_file_id=16481&#038;token=&#038;preview=1\"  target=\"\">Preview                            <i class=\"zmdi zmdi-filter-center-focus wpfd-preview\"><\/i>                        <\/a>                        <\/td>                                    <\/tr>                                                            <tr class=\"file pdf\" data-id=\"43154\"                    data-catid=\"26\">                                        <input type=\"hidden\" class=\"wpfd_file_preview_link_download\" value=\"http:\/\/transp.eted.gov.do\/transparencia\/download\/26\/estructura-organica-de-la-institucion\/43154\/manual-de-organizacion-actualizado.pdf\"                           data-filetitle=\"MANUAL DE ORGANIZACI\u00d3N ACTUALIZADO\" data-fileicons=\"ext ext-pdf wpfd-icon-set-svg\" \/>                    <td class=\"file_title\"><a class=\"wpfd_downloadlink\" href=\"http:\/\/transp.eted.gov.do\/transparencia\/download\/26\/estructura-organica-de-la-institucion\/43154\/manual-de-organizacion-actualizado.pdf\"  title=\"MANUAL DE ORGANIZACI\u00d3N ACTUALIZADO\" target=\"\"><span class=\"extcol\"><span class=\"ext ext-pdf wpfd-icon-set-svg\"><\/span><\/span><span class=\"wpfd-file-crop-title\">MANUAL DE ORGANIZACI\u00d3N ACTUALIZADO<\/span><\/a><\/td><td class=\"file_desc\"><\/td><td class=\"file_version\"><\/td><td class=\"file_size\">2.61 MB<\/td><td class=\"file_hits\">271<\/td><td class=\"file_created\">06-11-2025<\/td>                                            <td class=\"file_download_tbl col-download\">                            <a class=\"downloadlink wpfd_downloadlink\"  href=\"http:\/\/transp.eted.gov.do\/transparencia\/download\/26\/estructura-organica-de-la-institucion\/43154\/manual-de-organizacion-actualizado.pdf\"  style=\"background-color:#76bc58;color:#ffffff;\" target=\"\">Descargar<i class=\"zmdi zmdi-cloud-download wpfd-download\"><\/i><\/a><a class=\"openlink wpfdlightbox wpfd_previewlink\" href=\"http:\/\/transp.eted.gov.do\/transparencia\/wp-admin\/admin-ajax.php?juwpfisadmin=false&#038;action=wpfd&#038;task=file.download&#038;wpfd_category_id=26&#038;wpfd_file_id=43154&#038;token=&#038;preview=1\"  target=\"\">Preview                            <i class=\"zmdi zmdi-filter-center-focus wpfd-preview\"><\/i>                        <\/a>                        <\/td>                                    <\/tr>                                                            <tr class=\"file pdf\" data-id=\"43155\"                    data-catid=\"26\">                                        <input type=\"hidden\" class=\"wpfd_file_preview_link_download\" value=\"http:\/\/transp.eted.gov.do\/transparencia\/download\/26\/estructura-organica-de-la-institucion\/43155\/cuarta-resolucion-del-acta-no-06-2025-nueva-estructura-y-manual-de-puestos-clasificado-version-00-manual-de-organizacion-version-01.pdf\"                           data-filetitle=\"CUARTA RESOLUCI\u00d3N DEL ACTA NO. 06 2025, NUEVA ESTRUCTURA Y MANUAL DE PUESTOS CLASIFICADO VERSI\u00d3N 00, MANUAL DE ORGANIZACI\u00d3N VERSI\u00d3N 01\" data-fileicons=\"ext ext-pdf wpfd-icon-set-svg\" \/>                    <td class=\"file_title\"><a class=\"wpfd_downloadlink\" href=\"http:\/\/transp.eted.gov.do\/transparencia\/download\/26\/estructura-organica-de-la-institucion\/43155\/cuarta-resolucion-del-acta-no-06-2025-nueva-estructura-y-manual-de-puestos-clasificado-version-00-manual-de-organizacion-version-01.pdf\"  title=\"CUARTA RESOLUCI\u00d3N DEL ACTA NO. 06 2025, NUEVA ESTRUCTURA Y MANUAL DE PUESTOS CLASIFICADO VERSI\u00d3N 00, MANUAL DE ORGANIZACI\u00d3N VERSI\u00d3N 01\" target=\"\"><span class=\"extcol\"><span class=\"ext ext-pdf wpfd-icon-set-svg\"><\/span><\/span><span class=\"wpfd-file-crop-title\">CUARTA RESOLUCI\u00d3N DEL ACTA NO. 06 2025, NUEVA ESTRUCTURA Y MANUAL DE PUESTOS CLASIFICADO VERSI\u00d3N 00, MANUAL DE ORGANIZACI\u00d3N VERSI\u00d3N 01<\/span><\/a><\/td><td class=\"file_desc\"><\/td><td class=\"file_version\"><\/td><td class=\"file_size\">1.03 MB<\/td><td class=\"file_hits\">193<\/td><td class=\"file_created\">06-11-2025<\/td>                                            <td class=\"file_download_tbl col-download\">                            <a class=\"downloadlink wpfd_downloadlink\"  href=\"http:\/\/transp.eted.gov.do\/transparencia\/download\/26\/estructura-organica-de-la-institucion\/43155\/cuarta-resolucion-del-acta-no-06-2025-nueva-estructura-y-manual-de-puestos-clasificado-version-00-manual-de-organizacion-version-01.pdf\"  style=\"background-color:#76bc58;color:#ffffff;\" target=\"\">Descargar<i class=\"zmdi zmdi-cloud-download wpfd-download\"><\/i><\/a><a class=\"openlink wpfdlightbox wpfd_previewlink\" href=\"http:\/\/transp.eted.gov.do\/transparencia\/wp-admin\/admin-ajax.php?juwpfisadmin=false&#038;action=wpfd&#038;task=file.download&#038;wpfd_category_id=26&#038;wpfd_file_id=43155&#038;token=&#038;preview=1\"  target=\"\">Preview                            <i class=\"zmdi zmdi-filter-center-focus wpfd-preview\"><\/i>                        <\/a>                        <\/td>                                    <\/tr>                                                            <tr class=\"file pdf\" data-id=\"43824\"                    data-catid=\"26\">                                        <input type=\"hidden\" class=\"wpfd_file_preview_link_download\" value=\"http:\/\/transp.eted.gov.do\/transparencia\/download\/26\/estructura-organica-de-la-institucion\/43824\/carta-dirigida-a-la-dra-milagros-ortiz-bosch-con-relacion-a-la-estrutura-organica-de-la-institucion.pdf\"                           data-filetitle=\"CARTA DIRIGIDA A LA DRA. MILAGROS ORTIZ BOSCH CON RELACION A LA ESTRUTURA ORGANICA DE LA INSTITUCION\" data-fileicons=\"ext ext-pdf wpfd-icon-set-svg\" \/>                    <td class=\"file_title\"><a class=\"wpfd_downloadlink\" href=\"http:\/\/transp.eted.gov.do\/transparencia\/download\/26\/estructura-organica-de-la-institucion\/43824\/carta-dirigida-a-la-dra-milagros-ortiz-bosch-con-relacion-a-la-estrutura-organica-de-la-institucion.pdf\"  title=\"CARTA DIRIGIDA A LA DRA. MILAGROS ORTIZ BOSCH CON RELACION A LA ESTRUTURA ORGANICA DE LA INSTITUCION\" target=\"\"><span class=\"extcol\"><span class=\"ext ext-pdf wpfd-icon-set-svg\"><\/span><\/span><span class=\"wpfd-file-crop-title\">CARTA DIRIGIDA A LA DRA. MILAGROS ORTIZ BOSCH CON RELACION A LA ESTRUTURA ORGANICA DE LA INSTITUCION<\/span><\/a><\/td><td class=\"file_desc\"><\/td><td class=\"file_version\"><\/td><td class=\"file_size\">251.69 KB<\/td><td class=\"file_hits\">152<\/td><td class=\"file_created\">11-11-2025<\/td>                                            <td class=\"file_download_tbl col-download\">                            <a class=\"downloadlink wpfd_downloadlink\"  href=\"http:\/\/transp.eted.gov.do\/transparencia\/download\/26\/estructura-organica-de-la-institucion\/43824\/carta-dirigida-a-la-dra-milagros-ortiz-bosch-con-relacion-a-la-estrutura-organica-de-la-institucion.pdf\"  style=\"background-color:#76bc58;color:#ffffff;\" target=\"\">Descargar<i class=\"zmdi zmdi-cloud-download wpfd-download\"><\/i><\/a><a class=\"openlink wpfdlightbox wpfd_previewlink\" href=\"http:\/\/transp.eted.gov.do\/transparencia\/wp-admin\/admin-ajax.php?juwpfisadmin=false&#038;action=wpfd&#038;task=file.download&#038;wpfd_category_id=26&#038;wpfd_file_id=43824&#038;token=&#038;preview=1\"  target=\"\">Preview                            <i class=\"zmdi zmdi-filter-center-focus wpfd-preview\"><\/i>                        <\/a>                        <\/td>                                    <\/tr>                                                            <tr class=\"file pdf\" data-id=\"43825\"                    data-catid=\"26\">                                        <input type=\"hidden\" class=\"wpfd_file_preview_link_download\" value=\"http:\/\/transp.eted.gov.do\/transparencia\/download\/26\/estructura-organica-de-la-institucion\/43825\/comunicacion-num-ast-088-y-resolucion-conjunta-emitida-por-el-ministerio-de-administracion-publica-map-y-el-ministerio-de-trabajo-mt.pdf\"                           data-filetitle=\"COMUNICACI\u00d3N N\u00daM. AST-088 Y RESOLUCI\u00d3N CONJUNTA EMITIDA POR EL MINISTERIO DE ADMINISTRACI\u00d3N P\u00daBLICA (MAP) Y EL MINISTERIO DE TRABAJO (MT)\" data-fileicons=\"ext ext-pdf wpfd-icon-set-svg\" \/>                    <td class=\"file_title\"><a class=\"wpfd_downloadlink\" href=\"http:\/\/transp.eted.gov.do\/transparencia\/download\/26\/estructura-organica-de-la-institucion\/43825\/comunicacion-num-ast-088-y-resolucion-conjunta-emitida-por-el-ministerio-de-administracion-publica-map-y-el-ministerio-de-trabajo-mt.pdf\"  title=\"COMUNICACI\u00d3N N\u00daM. AST-088 Y RESOLUCI\u00d3N CONJUNTA EMITIDA POR EL MINISTERIO DE ADMINISTRACI\u00d3N P\u00daBLICA (MAP) Y EL MINISTERIO DE TRABAJO (MT)\" target=\"\"><span class=\"extcol\"><span class=\"ext ext-pdf wpfd-icon-set-svg\"><\/span><\/span><span class=\"wpfd-file-crop-title\">COMUNICACI\u00d3N N\u00daM. AST-088 Y RESOLUCI\u00d3N CONJUNTA EMITIDA POR EL MINISTERIO DE ADMINISTRACI\u00d3N P\u00daBLICA (MAP) Y EL MINISTERIO DE TRABAJO (MT)<\/span><\/a><\/td><td class=\"file_desc\"><\/td><td class=\"file_version\"><\/td><td class=\"file_size\">2.32 MB<\/td><td class=\"file_hits\">167<\/td><td class=\"file_created\">11-11-2025<\/td>                                            <td class=\"file_download_tbl col-download\">                            <a class=\"downloadlink wpfd_downloadlink\"  href=\"http:\/\/transp.eted.gov.do\/transparencia\/download\/26\/estructura-organica-de-la-institucion\/43825\/comunicacion-num-ast-088-y-resolucion-conjunta-emitida-por-el-ministerio-de-administracion-publica-map-y-el-ministerio-de-trabajo-mt.pdf\"  style=\"background-color:#76bc58;color:#ffffff;\" target=\"\">Descargar<i class=\"zmdi zmdi-cloud-download wpfd-download\"><\/i><\/a><a class=\"openlink wpfdlightbox wpfd_previewlink\" href=\"http:\/\/transp.eted.gov.do\/transparencia\/wp-admin\/admin-ajax.php?juwpfisadmin=false&#038;action=wpfd&#038;task=file.download&#038;wpfd_category_id=26&#038;wpfd_file_id=43825&#038;token=&#038;preview=1\"  target=\"\">Preview                            <i class=\"zmdi zmdi-filter-center-focus wpfd-preview\"><\/i>                        <\/a>                        <\/td>                                    <\/tr>                                        <\/tbody>        <\/table>            <\/div><\/div><\/div><\/div>\t\t\t\t<\/div>\n\t\t\t\t<\/div>\n\t\t\t\t\t<\/div>\n\t\t\t\t<\/div>\n\t\t\t\t<\/div>\n\t\t","protected":false},"excerpt":{"rendered":"<p>Estructura Org\u00e1nica de la Instituci\u00f3n Estructura Org\u00e1nica de la Instituci\u00f3n T\u00edtulo Descripci\u00f3n Versi\u00f3n Tama\u00f1o Visto Agregado Descargar ESTRUCTURA ORGANICA MAP 251.69 KB 84 09-06-2025 DescargarPreview ESTRUCTURA ORGANICA ETED DE FECHA 13 OCTUBRE 2021 793.59 KB 101 09-06-2025 DescargarPreview FACULTADES FUNCIONES ATRIBUCIONES Y NOMBRE DEL FUNCIONARIO PUBLICO QUE ESTA A CARGO DE CADA AREA 1.87 MB [&hellip;]<\/p>\n","protected":false},"author":1,"featured_media":0,"parent":0,"menu_order":0,"comment_status":"closed","ping_status":"closed","template":"","meta":{"site-sidebar-layout":"no-sidebar","site-content-layout":"page-builder","ast-site-content-layout":"full-width-container","site-content-style":"default","site-sidebar-style":"default","ast-global-header-display":"","ast-banner-title-visibility":"","ast-main-header-display":"","ast-hfb-above-header-display":"","ast-hfb-below-header-display":"","ast-hfb-mobile-header-display":"","site-post-title":"disabled","ast-breadcrumbs-content":"","ast-featured-img":"disabled","footer-sml-layout":"","theme-transparent-header-meta":"","adv-header-id-meta":"","stick-header-meta":"","header-above-stick-meta":"","header-main-stick-meta":"","header-below-stick-meta":"","astra-migrate-meta-layouts":"set","ast-page-background-enabled":"default","ast-page-background-meta":{"desktop":{"background-color":"var(--ast-global-color-4)","background-image":"","background-repeat":"repeat","background-position":"center center","background-size":"auto","background-attachment":"scroll","background-type":"","background-media":"","overlay-type":"","overlay-color":"","overlay-opacity":"","overlay-gradient":""},"tablet":{"background-color":"","background-image":"","background-repeat":"repeat","background-position":"center center","background-size":"auto","background-attachment":"scroll","background-type":"","background-media":"","overlay-type":"","overlay-color":"","overlay-opacity":"","overlay-gradient":""},"mobile":{"background-color":"","background-image":"","background-repeat":"repeat","background-position":"center center","background-size":"auto","background-attachment":"scroll","background-type":"","background-media":"","overlay-type":"","overlay-color":"","overlay-opacity":"","overlay-gradient":""}},"ast-content-background-meta":{"desktop":{"background-color":"var(--ast-global-color-5)","background-image":"","background-repeat":"repeat","background-position":"center center","background-size":"auto","background-attachment":"scroll","background-type":"","background-media":"","overlay-type":"","overlay-color":"","overlay-opacity":"","overlay-gradient":""},"tablet":{"background-color":"var(--ast-global-color-5)","background-image":"","background-repeat":"repeat","background-position":"center center","background-size":"auto","background-attachment":"scroll","background-type":"","background-media":"","overlay-type":"","overlay-color":"","overlay-opacity":"","overlay-gradient":""},"mobile":{"background-color":"var(--ast-global-color-5)","background-image":"","background-repeat":"repeat","background-position":"center center","background-size":"auto","background-attachment":"scroll","background-type":"","background-media":"","overlay-type":"","overlay-color":"","overlay-opacity":"","overlay-gradient":""}},"footnotes":""},"class_list":["post-1718","page","type-page","status-publish","hentry"],"_links":{"self":[{"href":"http:\/\/transp.eted.gov.do\/transparencia\/wp-json\/wp\/v2\/pages\/1718","targetHints":{"allow":["GET"]}}],"collection":[{"href":"http:\/\/transp.eted.gov.do\/transparencia\/wp-json\/wp\/v2\/pages"}],"about":[{"href":"http:\/\/transp.eted.gov.do\/transparencia\/wp-json\/wp\/v2\/types\/page"}],"author":[{"embeddable":true,"href":"http:\/\/transp.eted.gov.do\/transparencia\/wp-json\/wp\/v2\/users\/1"}],"replies":[{"embeddable":true,"href":"http:\/\/transp.eted.gov.do\/transparencia\/wp-json\/wp\/v2\/comments?post=1718"}],"version-history":[{"count":6,"href":"http:\/\/transp.eted.gov.do\/transparencia\/wp-json\/wp\/v2\/pages\/1718\/revisions"}],"predecessor-version":[{"id":16480,"href":"http:\/\/transp.eted.gov.do\/transparencia\/wp-json\/wp\/v2\/pages\/1718\/revisions\/16480"}],"wp:attachment":[{"href":"http:\/\/transp.eted.gov.do\/transparencia\/wp-json\/wp\/v2\/media?parent=1718"}],"curies":[{"name":"wp","href":"https:\/\/api.w.org\/{rel}","templated":true}]}}